{"id":1390,"date":"2017-04-21T14:48:07","date_gmt":"2017-04-21T12:48:07","guid":{"rendered":"http:\/\/www.concertae.com?page_id=1390"},"modified":"2017-05-15T16:55:18","modified_gmt":"2017-05-15T14:55:18","slug":"die-gruppe-concertae","status":"publish","type":"page","link":"https:\/\/www.concertae.com\/de","title":{"rendered":"Die Gruppe concert\u00e6"},"content":{"rendered":"<p><span class=\"blue-text\"><strong>concert\u00e6\u00a0<\/strong><\/span>ist aus seiner einfachen Idee entstanden: Wir b\u00fcndeln die besten Methoden um den Erfolg von Unternehmern zu begleiten und um uns zusammen mit ihnen in ihre Projekte zu engagieren.<\/p>\n<p>Unsere heutige Herausforderung ist es unsere Kompetenzen und unser professionelles Netzwerk gleichzeitig zu mobilisieren, damit sich unsere Kunden auf ihr Kerngesch\u00e4ft konzentrieren und sich weiterentwickeln k\u00f6nnen: eine konstante und allt\u00e4gliche Mobilisierung.<\/p>\n<p>Wie funktioniert das? Sie sind der Projektinhaber und Bed\u00fcrfnistr\u00e4ger: Sie definieren Ihr Ziel und das erwartete Ergebnis, wir machen den Rest!<\/p>\n<p>Wir als Dienstleister definieren die technischen Entscheidungen die zur Realisierung Ihres Projektes beitragen: die Partner, die anzufordernden Experten, das Budget und die Fristen gem\u00e4\u00df den Anforderungen an das zu erreichende Ziel. Sie haben nur einen Ansprechpartner, wir k\u00fcmmern uns um die restlichen Beteiligten.<\/p>\n<h2 style=\"text-align: center;\">concert\u00e6, eine Organisation im Zentrum der Kompetenzen<\/h2>\n<p><span class=\"blue-text\"><strong>concert\u00e6<\/strong><\/span> ist ein Team bestehend aus strategischen und operationellen Beratern, Steuerberatern, Wirtschaftspr\u00fcfern, mehrsprachigen Mitarbeitern und Ausbildern. Es ist aber auch ein professionelles Netzwerk aus Anw\u00e4lten, B\u00e4nkern und Gesch\u00e4ftsf\u00fchrern, die unseren Kunden zur Verf\u00fcgung stehen.<\/p>\n<p><span class=\"blue-text\"><strong>concert\u00e6<\/strong> <\/span>ist eine Unternehmensgruppe die Mitglied der franz\u00f6sischen Steuerberaterkammer und der nationalen Wirtschaftspr\u00fcferkammer ist.<\/p>\n<h2>concert\u00e6, Werte zu Gunsten unserer Kunden<\/h2>\n<p>Unser Name unterstreicht unsere Werte und unser Versprechen:<\/p>\n<p>Ein Konzert ist eine Mischung verschiedener Instrumente und vereint sie zu einer Harmonie. Als Konzert zu agieren bedeutet intelligent und miteinander zu handeln. Sie zu begleiten, zu unterst\u00fctzen, Sie zu f\u00fchren, ja sogar ein Impulsgeber zu sein, ist unser Versprechen auf allen Ebenen.<\/p>\n<p><span style=\"line-height: 1.5;\">.<\/span><\/p>\n","protected":false},"excerpt":{"rendered":"<p>concert\u00e6\u00a0ist aus seiner einfachen Idee entstanden: Wir b\u00fcndeln die besten Methoden um den Erfolg von Unternehmern zu begleiten und um uns zusammen mit ihnen in [&hellip;]<\/p>\n","protected":false},"author":2,"featured_media":988,"parent":0,"menu_order":0,"comment_status":"closed","ping_status":"closed","template":"content-home.php","meta":{"_exactmetrics_skip_tracking":false,"_exactmetrics_sitenote_active":false,"_exactmetrics_sitenote_note":"","_exactmetrics_sitenote_category":0,"footnotes":""},"class_list":["post-1390","page","type-page","status-publish","has-post-thumbnail","hentry"],"yoast_head":"<!-- This site is optimized with the Yoast SEO plugin v24.4 - https:\/\/yoast.com\/wordpress\/plugins\/seo\/ -->\n<title>Die Gruppe concert\u00e6 | concertae<\/title>\n<meta name=\"robots\" content=\"index, follow, max-snippet:-1, max-image-preview:large, max-video-preview:-1\" \/>\n<link rel=\"canonical\" href=\"https:\/\/www.concertae.com\/de\" \/>\n<meta property=\"og:locale\" content=\"de_DE\" \/>\n<meta property=\"og:type\" content=\"article\" \/>\n<meta property=\"og:title\" content=\"Die Gruppe concert\u00e6 | concertae\" \/>\n<meta property=\"og:description\" content=\"concert\u00e6\u00a0ist aus seiner einfachen Idee entstanden: Wir b\u00fcndeln die besten Methoden um den Erfolg von Unternehmern zu begleiten und um uns zusammen mit ihnen in [&hellip;]\" \/>\n<meta property=\"og:url\" content=\"https:\/\/www.concertae.com\/de\" \/>\n<meta property=\"og:site_name\" content=\"concertae\" \/>\n<meta property=\"article:publisher\" content=\"https:\/\/www.facebook.com\/concertae\/\" \/>\n<meta property=\"article:modified_time\" content=\"2017-05-15T14:55:18+00:00\" \/>\n<meta property=\"og:image\" content=\"https:\/\/www.concertae.com\/wp-content\/uploads\/2016\/11\/groupe-e1492101236795.jpg\" \/>\n\t<meta property=\"og:image:width\" content=\"1573\" \/>\n\t<meta property=\"og:image:height\" content=\"961\" \/>\n\t<meta property=\"og:image:type\" content=\"image\/jpeg\" \/>\n<meta name=\"twitter:card\" content=\"summary_large_image\" \/>\n<meta name=\"twitter:site\" content=\"@groupeconcertae\" \/>\n<meta name=\"twitter:label1\" content=\"Gesch\u00e4tzte Lesezeit\" \/>\n\t<meta name=\"twitter:data1\" content=\"1\u00a0Minute\" \/>\n<script type=\"application\/ld+json\" class=\"yoast-schema-graph\">{\"@context\":\"https:\/\/schema.org\",\"@graph\":[{\"@type\":\"WebPage\",\"@id\":\"https:\/\/www.concertae.com\/de\",\"url\":\"https:\/\/www.concertae.com\/de\",\"name\":\"Die Gruppe concert\u00e6 | concertae\",\"isPartOf\":{\"@id\":\"https:\/\/www.concertae.com\/#website\"},\"primaryImageOfPage\":{\"@id\":\"https:\/\/www.concertae.com\/de#primaryimage\"},\"image\":{\"@id\":\"https:\/\/www.concertae.com\/de#primaryimage\"},\"thumbnailUrl\":\"https:\/\/www.concertae.com\/wp-content\/uploads\/2016\/11\/groupe-e1492101236795.jpg\",\"datePublished\":\"2017-04-21T12:48:07+00:00\",\"dateModified\":\"2017-05-15T14:55:18+00:00\",\"breadcrumb\":{\"@id\":\"https:\/\/www.concertae.com\/de#breadcrumb\"},\"inLanguage\":\"de\",\"potentialAction\":[{\"@type\":\"ReadAction\",\"target\":[\"https:\/\/www.concertae.com\/de\"]}]},{\"@type\":\"ImageObject\",\"inLanguage\":\"de\",\"@id\":\"https:\/\/www.concertae.com\/de#primaryimage\",\"url\":\"https:\/\/www.concertae.com\/wp-content\/uploads\/2016\/11\/groupe-e1492101236795.jpg\",\"contentUrl\":\"https:\/\/www.concertae.com\/wp-content\/uploads\/2016\/11\/groupe-e1492101236795.jpg\",\"width\":1573,\"height\":961},{\"@type\":\"BreadcrumbList\",\"@id\":\"https:\/\/www.concertae.com\/de#breadcrumb\",\"itemListElement\":[{\"@type\":\"ListItem\",\"position\":1,\"name\":\"Accueil\",\"item\":\"https:\/\/www.concertae.com\/de\"},{\"@type\":\"ListItem\",\"position\":2,\"name\":\"Die Gruppe concert\u00e6\"}]},{\"@type\":\"WebSite\",\"@id\":\"https:\/\/www.concertae.com\/#website\",\"url\":\"https:\/\/www.concertae.com\/\",\"name\":\"concertae\",\"description\":\"conseil certification audit et expertise-comptable\",\"potentialAction\":[{\"@type\":\"SearchAction\",\"target\":{\"@type\":\"EntryPoint\",\"urlTemplate\":\"https:\/\/www.concertae.com\/?s={search_term_string}\"},\"query-input\":{\"@type\":\"PropertyValueSpecification\",\"valueRequired\":true,\"valueName\":\"search_term_string\"}}],\"inLanguage\":\"de\"}]}<\/script>\n<!-- \/ Yoast SEO plugin. -->","yoast_head_json":{"title":"Die Gruppe concert\u00e6 | concertae","robots":{"index":"index","follow":"follow","max-snippet":"max-snippet:-1","max-image-preview":"max-image-preview:large","max-video-preview":"max-video-preview:-1"},"canonical":"https:\/\/www.concertae.com\/de","og_locale":"de_DE","og_type":"article","og_title":"Die Gruppe concert\u00e6 | concertae","og_description":"concert\u00e6\u00a0ist aus seiner einfachen Idee entstanden: Wir b\u00fcndeln die besten Methoden um den Erfolg von Unternehmern zu begleiten und um uns zusammen mit ihnen in [&hellip;]","og_url":"https:\/\/www.concertae.com\/de","og_site_name":"concertae","article_publisher":"https:\/\/www.facebook.com\/concertae\/","article_modified_time":"2017-05-15T14:55:18+00:00","og_image":[{"width":1573,"height":961,"url":"https:\/\/www.concertae.com\/wp-content\/uploads\/2016\/11\/groupe-e1492101236795.jpg","type":"image\/jpeg"}],"twitter_card":"summary_large_image","twitter_site":"@groupeconcertae","twitter_misc":{"Gesch\u00e4tzte Lesezeit":"1\u00a0Minute"},"schema":{"@context":"https:\/\/schema.org","@graph":[{"@type":"WebPage","@id":"https:\/\/www.concertae.com\/de","url":"https:\/\/www.concertae.com\/de","name":"Die Gruppe concert\u00e6 | concertae","isPartOf":{"@id":"https:\/\/www.concertae.com\/#website"},"primaryImageOfPage":{"@id":"https:\/\/www.concertae.com\/de#primaryimage"},"image":{"@id":"https:\/\/www.concertae.com\/de#primaryimage"},"thumbnailUrl":"https:\/\/www.concertae.com\/wp-content\/uploads\/2016\/11\/groupe-e1492101236795.jpg","datePublished":"2017-04-21T12:48:07+00:00","dateModified":"2017-05-15T14:55:18+00:00","breadcrumb":{"@id":"https:\/\/www.concertae.com\/de#breadcrumb"},"inLanguage":"de","potentialAction":[{"@type":"ReadAction","target":["https:\/\/www.concertae.com\/de"]}]},{"@type":"ImageObject","inLanguage":"de","@id":"https:\/\/www.concertae.com\/de#primaryimage","url":"https:\/\/www.concertae.com\/wp-content\/uploads\/2016\/11\/groupe-e1492101236795.jpg","contentUrl":"https:\/\/www.concertae.com\/wp-content\/uploads\/2016\/11\/groupe-e1492101236795.jpg","width":1573,"height":961},{"@type":"BreadcrumbList","@id":"https:\/\/www.concertae.com\/de#breadcrumb","itemListElement":[{"@type":"ListItem","position":1,"name":"Accueil","item":"https:\/\/www.concertae.com\/de"},{"@type":"ListItem","position":2,"name":"Die Gruppe concert\u00e6"}]},{"@type":"WebSite","@id":"https:\/\/www.concertae.com\/#website","url":"https:\/\/www.concertae.com\/","name":"concertae","description":"conseil certification audit et expertise-comptable","potentialAction":[{"@type":"SearchAction","target":{"@type":"EntryPoint","urlTemplate":"https:\/\/www.concertae.com\/?s={search_term_string}"},"query-input":{"@type":"PropertyValueSpecification","valueRequired":true,"valueName":"search_term_string"}}],"inLanguage":"de"}]}},"_links":{"self":[{"href":"https:\/\/www.concertae.com\/de\/wp-json\/wp\/v2\/pages\/1390","targetHints":{"allow":["GET"]}}],"collection":[{"href":"https:\/\/www.concertae.com\/de\/wp-json\/wp\/v2\/pages"}],"about":[{"href":"https:\/\/www.concertae.com\/de\/wp-json\/wp\/v2\/types\/page"}],"author":[{"embeddable":true,"href":"https:\/\/www.concertae.com\/de\/wp-json\/wp\/v2\/users\/2"}],"replies":[{"embeddable":true,"href":"https:\/\/www.concertae.com\/de\/wp-json\/wp\/v2\/comments?post=1390"}],"version-history":[{"count":17,"href":"https:\/\/www.concertae.com\/de\/wp-json\/wp\/v2\/pages\/1390\/revisions"}],"predecessor-version":[{"id":1856,"href":"https:\/\/www.concertae.com\/de\/wp-json\/wp\/v2\/pages\/1390\/revisions\/1856"}],"wp:featuredmedia":[{"embeddable":true,"href":"https:\/\/www.concertae.com\/de\/wp-json\/wp\/v2\/media\/988"}],"wp:attachment":[{"href":"https:\/\/www.concertae.com\/de\/wp-json\/wp\/v2\/media?parent=1390"}],"curies":[{"name":"wp","href":"https:\/\/api.w.org\/{rel}","templated":true}]}}

Die Gruppe concertæ

<p><span class="blue-text"><strong>concertæ </strong></span>ist aus seiner einfachen Idee entstanden: Wir bündeln die besten Methoden um den Erfolg von Unternehmern zu begleiten und um uns zusammen mit ihnen in ihre Projekte zu engagieren.</p>
<p>Unsere heutige Herausforderung ist es unsere Kompetenzen und unser professionelles Netzwerk gleichzeitig zu mobilisieren, damit sich unsere Kunden auf ihr Kerngeschäft konzentrieren und sich weiterentwickeln können: eine konstante und alltägliche Mobilisierung.</p>
<p>Wie funktioniert das? Sie sind der Projektinhaber und Bedürfnisträger: Sie definieren Ihr Ziel und das erwartete Ergebnis, wir machen den Rest!</p>
<p>Wir als Dienstleister definieren die technischen Entscheidungen die zur Realisierung Ihres Projektes beitragen: die Partner, die anzufordernden Experten, das Budget und die Fristen gemäß den Anforderungen an das zu erreichende Ziel. Sie haben nur einen Ansprechpartner, wir kümmern uns um die restlichen Beteiligten.</p>
<h2 style="text-align: center;">concertæ, eine Organisation im Zentrum der Kompetenzen</h2>
<p><span class="blue-text"><strong>concertæ</strong></span> ist ein Team bestehend aus strategischen und operationellen Beratern, Steuerberatern, Wirtschaftsprüfern, mehrsprachigen Mitarbeitern und Ausbildern. Es ist aber auch ein professionelles Netzwerk aus Anwälten, Bänkern und Geschäftsführern, die unseren Kunden zur Verfügung stehen.</p>
<p><span class="blue-text"><strong>concertæ</strong> </span>ist eine Unternehmensgruppe die Mitglied der französischen Steuerberaterkammer und der nationalen Wirtschaftsprüferkammer ist.</p>
<h2>concertæ, Werte zu Gunsten unserer Kunden</h2>
<p>Unser Name unterstreicht unsere Werte und unser Versprechen:</p>
<p>Ein Konzert ist eine Mischung verschiedener Instrumente und vereint sie zu einer Harmonie. Als Konzert zu agieren bedeutet intelligent und miteinander zu handeln. Sie zu begleiten, zu unterstützen, Sie zu führen, ja sogar ein Impulsgeber zu sein, ist unser Versprechen auf allen Ebenen.</p>
<p><span style="line-height: 1.5;">.</span></p>

<p>concertæ ist aus seiner einfachen Idee entstanden: Wir bündeln die besten Methoden um den Erfolg von Unternehmern zu begleiten und um uns zusammen mit ihnen in [&hellip;]</p>

<!-- This site is optimized with the Yoast SEO plugin v24.4 - https://yoast.com/wordpress/plugins/seo/ -->
<title>Die Gruppe concertæ | concertae</title>
<meta name="robots" content="index, follow, max-snippet:-1, max-image-preview:large, max-video-preview:-1" />
<link rel="canonical" href="https://www.concertae.com/de" />
<meta property="og:locale" content="de_DE" />
<meta property="og:type" content="article" />
<meta property="og:title" content="Die Gruppe concertæ | concertae" />
<meta property="og:description" content="concertæ ist aus seiner einfachen Idee entstanden: Wir bündeln die besten Methoden um den Erfolg von Unternehmern zu begleiten und um uns zusammen mit ihnen in [&hellip;]" />
<meta property="og:url" content="https://www.concertae.com/de" />
<meta property="og:site_name" content="concertae" />
<meta property="article:publisher" content="https://www.facebook.com/concertae/" />
<meta property="article:modified_time" content="2017-05-15T14:55:18+00:00" />
<meta property="og:image" content="https://www.concertae.com/wp-content/uploads/2016/11/groupe-e1492101236795.jpg" />
	<meta property="og:image:width" content="1573" />
	<meta property="og:image:height" content="961" />
	<meta property="og:image:type" content="image/jpeg" />
<meta name="twitter:card" content="summary_large_image" />
<meta name="twitter:site" content="@groupeconcertae" />
<meta name="twitter:label1" content="Geschätzte Lesezeit" />
	<meta name="twitter:data1" content="1 Minute" />
<script type="application/ld+json" class="yoast-schema-graph">{"@context":"https://schema.org","@graph":[{"@type":"WebPage","@id":"https://www.concertae.com/de","url":"https://www.concertae.com/de","name":"Die Gruppe concertæ | concertae","isPartOf":{"@id":"https://www.concertae.com/#website"},"primaryImageOfPage":{"@id":"https://www.concertae.com/de#primaryimage"},"image":{"@id":"https://www.concertae.com/de#primaryimage"},"thumbnailUrl":"https://www.concertae.com/wp-content/uploads/2016/11/groupe-e1492101236795.jpg","datePublished":"2017-04-21T12:48:07+00:00","dateModified":"2017-05-15T14:55:18+00:00","breadcrumb":{"@id":"https://www.concertae.com/de#breadcrumb"},"inLanguage":"de","potentialAction":[{"@type":"ReadAction","target":["https://www.concertae.com/de"]}]},{"@type":"ImageObject","inLanguage":"de","@id":"https://www.concertae.com/de#primaryimage","url":"https://www.concertae.com/wp-content/uploads/2016/11/groupe-e1492101236795.jpg","contentUrl":"https://www.concertae.com/wp-content/uploads/2016/11/groupe-e1492101236795.jpg","width":1573,"height":961},{"@type":"BreadcrumbList","@id":"https://www.concertae.com/de#breadcrumb","itemListElement":[{"@type":"ListItem","position":1,"name":"Accueil","item":"https://www.concertae.com/de"},{"@type":"ListItem","position":2,"name":"Die Gruppe concertæ"}]},{"@type":"WebSite","@id":"https://www.concertae.com/#website","url":"https://www.concertae.com/","name":"concertae","description":"conseil certification audit et expertise-comptable","potentialAction":[{"@type":"SearchAction","target":{"@type":"EntryPoint","urlTemplate":"https://www.concertae.com/?s={search_term_string}"},"query-input":{"@type":"PropertyValueSpecification","valueRequired":true,"valueName":"search_term_string"}}],"inLanguage":"de"}]}</script>
<!-- / Yoast SEO plugin. -->

Die Gruppe concertæ | concertae

concertæ ist aus seiner einfachen Idee entstanden: Wir bündeln die besten Methoden um den Erfolg von Unternehmern zu begleiten und um uns zusammen mit ihnen in [&hellip;]
